rime factors of 5887130?
2, 5, 43, 13691
List the prime factors of 108367.
7, 113, 137
What are the prime factors of 10452418?
2, 751, 6959
What are the prime factors of 463116?
2, 3, 38593
What are the prime factors of 13011794?
2, 271, 24007
What are the prime factors of 309324?
2, 3, 149, 173
List the prime factors of 149080.
2, 5, 3727
List the prime factors of 5037621.
3, 23, 73009
What are the prime factors of 2427374?
2, 23, 52769
What are the prime factors of 123120?
2, 3, 5, 19
What are the prime factors of 1053463?
73, 14431
List the prime factors of 3271049.
3271049
List the prime factors of 6082613.
6082613
What are the prime factors of 8217427?
8217427
List the prime factors of 655876.
2, 13, 12613
What are the prime factors of 3239221?
31, 104491
List the prime factors of 21844440.
2, 3, 5, 60679
List the prime factors of 16530270.
2, 3, 5, 197, 2797
List the prime factors of 1447711.
1447711
List the prime factors of 3056758.
2, 19, 257, 313
What are the prime factors of 1064956?
2, 266239
What are the prime factors of 107166?
2, 3, 53, 337
What are the prime factors of 1570411?
47, 33413
List the prime factors of 357734.
2, 13, 13759
List the prime factors of 348294.
2, 3, 58049
What are the prime factors of 3018235?
5, 11, 54877
List the prime factors of 1295338.
2, 11, 97, 607
What are the prime factors of 6310351?
41, 153911
List the prime factors of 421652.
2, 7, 11, 37
List the prime factors of 23491037.
2389, 9833
List the prime factors of 6541295.
5, 317, 4127
List the prime factors of 888736.
2, 27773
List the prime factors of 75621.
3, 7, 13, 277
List the prime factors of 2803919.
31, 151, 599
What are the prime factors of 54459?
3, 2017
What are the prime factors of 8011508?
2, 2002877
List the prime factors of 2246898.
2, 3, 374483
List the prime factors of 5952779.
7, 850397
What are the prime factors of 1727415?
3, 5, 23, 1669
List the prime factors of 14430530.
2, 5, 1443053
List the prime factors of 838871.
11, 76261
List the prime factors of 13966.
2, 6983
List the prime factors of 3389302.
2, 7, 242093
List the prime factors of 1734961.
227, 7643
What are the prime factors of 4205875?
5, 33647
List the prime factors of 68789.
7, 31, 317
List the prime factors of 106117.
11, 877
List the prime factors of 2039079.
3, 7, 89, 1091
List the prime factors of 3821828.
2, 955457
List the prime factors of 122981.
23, 5347
List the prime factors of 3509926.
2, 7, 250709
What are the prime factors of 18147993?
3, 17, 521, 683
List the prime factors of 13718787.
3, 23, 198823
List the prime factors of 340514.
2, 89, 1913
What are the prime factors of 45092?
2, 11273
List the prime factors of 5938338.
2, 3, 7, 17, 8317
What are the prime factors of 1997051?
7, 31, 9203
List the prime factors of 1551669.
3, 7, 37, 1997
What are the prime factors of 5445617?
101, 53917
List the prime factors of 6385778.
2, 7, 17, 3833
List the prime factors of 6103202.
2, 7, 233, 1871
List the prime factors of 440105.
5, 23, 43, 89
What are the prime factors of 408617?
11, 307
List the prime factors of 29678146.
2, 14839073
What are the prime factors of 153782?
2, 17, 4523
List the prime factors of 159333.
3, 173, 307
List the prime factors of 75399.
3, 41, 613
What are the prime factors of 9042352?
2, 11, 83, 619
List the prime factors of 1887798.
2, 3, 11, 28603
What are the prime factors of 274773?
3, 91591
What are the prime factors of 2168603?
19, 311, 367
What are the prime factors of 192491?
13, 17, 67
What are the prime factors of 129943?
11, 11813
What are the prime factors of 11307769?
11, 109, 9431
List the prime factors of 1107481.
29, 38189
What are the prime factors of 47948?
2, 11987
What are the prime factors of 1426313?
7, 37, 5507
What are the prime factors of 1550779?
1550779
List the prime factors of 304417.
304417
List the prime factors of 490551.
3, 163517
What are the prime factors of 2431638?
2, 3, 11, 12281
What are the prime factors of 1431624?
2, 3, 59651
What are the prime factors of 982609?
37, 26557
What are the prime factors of 4851625?
5, 37, 1049
List the prime factors of 30058141.
1091, 27551
What are the prime factors of 227251?
227251
List the prime factors of 3249883.
7, 13, 71, 503
What are the prime factors of 8232019?
31, 37, 7177
What are the prime factors of 3227962?
2, 1613981
What are the prime factors of 245674?
2, 11, 13, 859
List the prime factors of 8576686.
2, 557, 7699
What are the prime factors of 6589458?
2, 3, 122027
What are the prime factors of 9108283?
73, 124771
List the prime factors of 4841910.
2, 3, 5, 79, 227
What are the prime factors of 8475089?
7, 257, 673
List the prime factors of 21368691.
3, 47, 1871
List the prime factors of 1237003.
157, 7879
List the prime factors of 1493375.
5, 13, 919
What are the prime factors of 29388344?
2, 67, 54829
List the prime factors of 7928498.
2, 31, 41, 3119
What are the prime factors of 951137?
11, 86467
List the prime factors of 6646648.
2, 31, 26801
What are the prime factors of 7934377?
11, 721307
What are the prime factors of 15335149?
373, 41113
List the prime factors of 409409.
7, 11, 13, 409
List the prime factors of 2578147.
11, 13, 149
List the prime factors of 36207.
3, 149
List the prime factors of 417188.
2, 104297
What are the prime factors of 8984419?
2543, 3533
What are the prime factors of 137540?
2, 5, 13, 23
List the prime factors of 14290348.
2, 61, 58567
List the prime factors of 5230615.
5, 13, 80471
List the prime factors of 556033.
43, 67, 193
What are the prime factors of 248315?
5, 49663
List the prime factors of 5026025.
5, 127, 1583
List the prime factors of 304220.
2, 5, 7, 41, 53
List the prime factors of 491341.
491341
What are the prime factors of 7925156?
2, 23, 86143
What are the prime factors of 312095?
5, 7, 37, 241
What are the prime factors of 1455196?
2, 363799
List the prime factors of 16106885.
5, 271, 11887
List the prime factors of 2172911.
13, 59, 2833
List the prime factors of 232978.
2, 19, 6131
List the prime factors of 1807646.
2, 607, 1489
List the prime factors of 426623.
233, 1831
What are the prime factors of 130016?
2, 17, 239
List the prime factors of 392144.
2, 24509
What are the prime factors of 770823?
3, 28549
List the prime factors of 1876631.
1876631
What are the prime factors of 36423?
3, 19, 71
List the prime factors of 380619.
3, 37, 127
What are the prime factors of 276742?
2, 138371
What are the prime factors of 1031170?
2, 5, 7, 14731
What are the prime factors of 1456465?
5, 291293
List the prime factors of 2070015.
3, 5, 59, 2339
What are the prime factors of 5559686?
2, 11, 252713
List the prime factors of 1887576.
2, 3, 78649
What are the prime factors of 7531616?
2, 373, 631
What are the prime factors of 5352326?
2, 7, 443, 863
List the prime factors of 4420810.
2, 5, 653, 677
List the prime factors of 666647.
666647
List the prime factors of 504408.
2, 3, 21017
What are the prime factors of 4098626?
2, 7, 292759
List the prime factors of 19454208.
2, 3, 73, 347
List the prime factors of 1189016.
2, 148627
List the prime factors of 236081.
47, 5023
List the prime factors of 12233400.
2, 3, 5, 20389
List the prime factors of 7191.
3, 17, 47
List the prime factors of 27864242.
2, 7, 331, 859
List the prime factors of 16197838.
2, 17, 476407
List the prime factors of 235354.
2, 7, 16811
What are the prime factors of 11277438?
2, 3, 43, 43711
What are the prime factors of 28716655?
5, 11, 17, 30713
List the prime factors of 564986.
2, 282493
List the prime factors of 558197.
558197
What are the prime factors of 43924?
2, 79, 139
List the prime factors of 3520159.
47, 74897
What are the prime factors of 4871556?
2, 3, 43, 1049
What are the prime factors of 29167412?
2, 131, 55663
List the prime factors of 3508311.
3, 79, 113, 131
What are the prime factors of 17672525?
5, 13, 54377
List the prime factors of 125511.
3, 17, 23, 107
What are the prime factors of 2872491?
3, 31, 67, 461
List the prime factors of 8253992.
2, 263, 3923
What are the prime factors of 18773339?
13, 1444103
What are the prime factors of 3770566?
2, 17, 110899
What are the prime factors of 63880?
2, 5, 1597
List the prime factors of 223467.
3, 74489
What are the prime factors of 865456?
2, 54091
What 